5 = -130*w. Suppose -w = j - 978. Is j a prime number?
True
Suppose 50715 + 52413 = 12*s. Is s prime?
False
Is (-2221932)/(-148) - (-54)/(-999) a prime number?
True
Suppose -106 + 88 = 3*a. Let p(r) = -3*r**3 - 5*r**2 + 5*r - 23. Is p(a) composite?
True
Let i(f) be the second derivative of f**5/5 - f**4/12 - f**3/3 - 9*f**2/2 - 9*f. Suppose k + 7 = 4*k + m, 0 = -k + 5*m + 29. Is i(k) a prime number?
True
Let f(i) = 276*i**2 + 42*i - 147. Let t(s) = 94*s**2 + 14*s - 49. Let v(g) = 6*f(g) - 17*t(g). Is v(-15) a prime number?
True
Suppose 111*g - 14*g + 246126 = 780305. Is g a composite number?
False
Suppose 16*a - 488308 + 53655 = 4449651. Is a a composite number?
True
Let s = -50784 + 87638. Is s composite?
True
Let o(f) = -7*f + 7*f - 7*f + 6. Let l be o(-3). Is 6/4*9378/l composite?
False
Let n(z) = z**3 + 7*z**2 + 9*z + 1. Let k be n(-5). Is 8853 + 16 - (k + 2) a composite number?
False
Let k = 197 - 192. Suppose -4*g = k*d - 3851 - 4348, -5*g - 3273 = -2*d. Is d a prime number?
False
Suppose -43*c = 2*c - 488115. Is c a composite number?
False
Suppose 4*u = 5*d - 25187, -16*u + 12*u + 8 = 0. Is d a composite number?
False
Let b(q) = 1563*q**2 + 2*q - 4. Let s(d) = d**2 - 2*d - 9. Let l(w) = -w**2 + 2*w + 9. Let g(o) = -3*l(o) - 4*s(o). Let x be g(4). Is b(x) composite?
True
Let w(a) = 31932*a + 905. Is w(4) prime?
False
Let r(o) = 12*o**2 - 32*o + 635. Is r(24) composite?
False
Let d be (2*-5)/(-2 - 0). Suppose 1008 = -d*l + 8108. Suppose 15 = 5*z, -2*i = -2*z - 420 - l. Is i a composite number?
True
Suppose -2*b = -8653 + 1781. Let y = b + 1570. Is y a prime number?
False
Let g(n) = 4690*n**2 + 136*n - 517. Is g(4) a composite number?
True
Suppose -g - 17 = -18, 5*g = 4*z + 2305. Suppose 741 = -3*v - 213. Let i = v - z. Is i composite?
False
Let z(k) = -349*k**3 + 3*k**2 - 5*k - 12. Let b be z(-2). Suppose -16*p + 22*p = b. Is p composite?
False
Suppose -2817*l = -2847*l + 7752990. Is l prime?
False
Suppose 5*h + 0*h = -2*x + 8, 4*x = 4*h - 12. Let k(s) = -17 - 8*s - 81*s**2 + 3*s - s**3 + 80*s**h - 4*s**3. Is k(-4) a prime number?
True
Suppose -5*v + 6*v + 518 = -5*i, -4*i + v - 409 = 0. Let g = i - -118. Is (4053/g + -1)*10/4 composite?
False
Suppose 0 = 2*v - 2*i - 14, -2*v + 25 + 4 = -5*i. Let g(j) = 56*j + 9*j**v - 55*j + 6*j**2 + 9. Is g(-5) prime?
True
Let u be (36/198)/(4/11)*10. Suppose 16*x - 18*x + 11157 = b, -u*b - 22321 = -4*x. Is x prime?
False
Suppose -2*j + 21817 = -6*g - 20155, g + 41997 = 2*j. Is j prime?
True
Let m(r) = -19*r - 5. Let j be m(5). Let n = j + 105. Suppose 0 = 3*b + n*x - 2968, 0 = 2*b - 4*x - 1098 - 888. Is b composite?
False
Suppose 2*k - k - 544 = 0. Suppose -8*x = 13*x - 54*x. Suppose x = -3*m + z + k, 198 = m + z + 2*z. Is m composite?
True
Suppose 0 = -11*p - 57*p + 544. Suppose -14388 = -4*w - 3*z + 7*z, 3*w - z - 10781 = 0. Is w/(-12)*(-12)/p a composite number?
False
Suppose -2*r = -4*r + 5*t + 9, 5*r = -5*t + 40. Suppose -2*q + r*y = 8*y - 2590, -3875 = -3*q + y. Is q composite?
True
Suppose -p - 35629 = -5*n + 3*p, 3*n + 5*p - 21370 = 0. Is (n - 4)/(4/4) a composite number?
False
Let k(b) = 7873*b + 1942. Is k(37) prime?
False
Let l(c) = -15*c - 2195. Let r(i) = 8*i + 1099. Let d(g) = -4*l(g) - 7*r(g). Is d(0) prime?
True
Suppose 0 = 5*i + 3*u - 248570, -5*i = -2*u - 40716 - 207829. Is i a prime number?
True
Let m be (80/12)/((-6)/(-27)). Is 27*m + (-18)/6 composite?
True
Let g = 90 + -93. Is -4 - ((-4422)/10)/(g/(-15)) composite?
False
Let x = 2417 + -1486. Let a = x + 208. Is a composite?
True
Let q = 6274 + -147. Is q a composite number?
True
Let t(k) = -k - 9. Let d be t(-14). Suppose 0 = -d*i + 4*f + 10665, -2*i - f = -6169 + 1916. Is i composite?
False
Let o(f) = 454*f**3 - 8*f**2 - 19*f + 34. Is o(5) composite?
False
Let o = -316 - -316. Suppose 14*h - 51094 + 10172 = o. Is h composite?
True
Let z(h) = 3077*h**2 + 45*h + 33. Is z(7) a prime number?
True
Suppose 0 = -6*g + 3 - 33. Let n(r) = -12*r + 38*r**2 + 0 - 5 + 6. Is n(g) a prime number?
False
Let d(q) = 3127*q**2 - 5*q + 5. Is d(-3) prime?
True
Let g be (1616/(-40))/2 - 1/(-5). Let b(f) = -182*f - 47. Is b(g) a prime number?
True
Let f = 2781 - 761. Let w = f - 763. Is w prime?
False
Let v = 196415 + -135012. Is v a prime number?
True
Let f = 24 + 14. Let u = -792 + 767. Let h = u + f. Is h prime?
True
Let i be 7 - 3/((2 - 0) + 1). Suppose -i*r + 8 - 26 = 0. Is (r/(-6))/((-5)/(-3410)) composite?
True
Suppose 2*t = -6*t + 680. Suppose 9*o - t = -355. Is (-19586)/o + 2*(-4)/(-60) prime?
True
Let x(r) = 19*r**2 + 7*r + 9. Suppose 23 = -10*s - 37. Let c be x(s). Suppose -59*k + 62*k - c = 0. Is k a composite number?
True
Let n = 14135 - 24014. Let s = -6747 - n. Suppose -3*f = 3*x - s, 4*f + 3*x - 1967 - 2207 = 0. Is f prime?
False
Is -5 + (31 - 14) + 8510 a composite number?
True
Let w be 5/(6/(-3) - 0)*-2. Suppose -w*f + 4*d + 2254 = 475, 3*f = -4*d + 1093. Suppose 2*k - f = 3*a + 558, 2*a = -k + 441. Is k a composite number?
True
Let m(w) = 147 - 22 - 146*w - 72. Is m(-3) composite?
False
Suppose -98*a = 11944 - 48498. Is a prime?
True
Let d = -286 - -560. Is d/5 + 1/5 composite?
True
Is 3174900 + (-22)/44*26 a prime number?
True
Let w be (-75)/(-27) - (-4)/18 - -583. Suppose w = 2*c - 822. Suppose 2*g + 2124 = 3*n + 3*g, c = n - g. Is n prime?
False
Let d(l) = 9*l**2 + 18. Let f be d(8). Let a be 38*(-1)/((-8)/188). Let t = a - f. Is t a prime number?
False
Suppose 5*x - 5*m = 4244225, 5*x - 1687394 = -3*m + 2556783. Is x a prime number?
True
Let n(y) = 55*y**2 - 61*y. Let h be n(8). Is (5 - 6) + (h - 4) prime?
False
Suppose -29627595 = 1741*q - 1786*q. Is q composite?
False
Suppose -3*j + 11 = -1. Suppose -4*s - j*z - 8 = 0, s = -s - 3*z - 6. Suppose d - 5*g - 253 = 0, s*g - 506 = -2*d - 2*g. Is d a prime number?
False
Suppose 0 = -5*o + 4*o - 4*y + 129, 5*o - 595 = 5*y. Is (216 + o)*(-1*1 + 4) composite?
True
Let l = 6714 - 80. Suppose 7*r = 5*r + l. Is r a prime number?
False
Let o be (-1)/(-2)*(-3 - -65). Let g = 40 - o. Is g/6*(29984/12)/4 prime?
True
Let b(q) = -70*q**2 - 6*q + 112. Let d(u) = -141*u**2 - 14*u + 225. Let l(t) = 5*b(t) - 3*d(t). Is l(14) prime?
False
Let d(j) = j**2 + 5*j + 6. Let q be d(-7). Suppose q = 5*m - 2*g, m + 2*g - g = -3. Suppose m*a - 1290 = 3*u + u, 5*a = -5*u + 3255. Is a composite?
True
Let f = 2 - 0. Let i(l) = -211*l + 143. Let o(d) = 32. Let k(p) = -i(p) + 4*o(p). Is k(f) a composite number?
True
Suppose 3*o - 5*d = -o - 17260, -4*o - 17248 = -2*d. Let t = o - -25187. Is t a prime number?
False
Let o(p) = -122*p**2 - p + 6. Let m(h) = 610*h**2 + 6*h - 31. Let i(a) = -2*m(a) - 11*o(a). Suppose -23*r = -18*r + 15. Is i(r) a composite number?
False
Let s(h) = -h**2 - 5*h - 1. Let v be s(-2). Suppose v*d - 39969 = i, 3*i - 3 = -15. Is d a prime number?
True
Let k(h) = -h**3 - 6*h**2 + 2*h + 13. Let p be k(-6). Suppose l + p = 4. Suppose -4*x + 2653 = l*x. Is x a prime number?
True
Is (-10)/((-140)/21)*(-16140648)/(-36) composite?
True
Let p = 98266 + 243277. Is p a composite number?
False
Let i(h) = 0 - 10*h**2 - 13*h**3 + 3 - h**3. Let a(v) = -3*v**2 + 4*v - 5. Let r be a(1). Is i(r) a composite number?
False
Let x = 415718 - 231595. Is x prime?
False
Let j = 316186 - 219763. Is j prime?
False
Let a = -65 - -73. Suppose -4*k = a, 7*s = 12*s - 3*k - 7166. Suppose -45 = -d + s. Is d a composite number?
True
Let z(a) = 15*a**2 - 40*a + 23. Is z(40) composite?
True
Suppose 17*s = 22*s + 595. Let y = s + 67. Is (-1)/(-2) - 218*y/16 a composite number?
False
Let h = -58 + 78. Suppose h + 16 = 9*s. Let b(x) = 279*x - 5. Is b(s) composite?
True
Suppose 1181341 = 12*x + 103055 - 13582. Is x prime?
True
Let m = 1 - -4. Suppose -m*q + 0*q = -4565. Let a = q + -606. Is a a composite number?
False
Let r(m) = 1633*m**3 - 3*m - 5. Let g be r(2). Let d = 20747 - g. Is d a prime number?
False
Suppose 0 = -145*d + 19670497 + 5257468. Is d composite?
False
Let c be ((-104)/24)/(1/(-3)). Suppose s = -0*d + 3*d - 14, -2*d = 3*s - c. Suppose 4*g - 5*q = 226, -d*g - 4*q = -3*q - 297. Is g composite?
False
Suppose 17 = 3*a - 3*k - 22, 5*k - 15 = -3*a. Suppose 0 = 39*w - 44*w + a. Suppose 5182 = w*p + 4*z, -p + z + 867 = -1736. Is p a composite number?
True
Let g(d) = 478*d**2 - 722*d**2 + 382*d**2 + 5*d + 24. Is g(-